e thousands digit of 445410?
5
What is the units digit of 6014279?
9
What is the hundreds digit of 2568499?
4
What is the units digit of 10460345?
5
What is the hundred thousands digit of 245765?
2
What is the tens digit of 43028?
2
What is the thousands digit of 3415508?
5
What is the tens digit of 318831?
3
What is the hundreds digit of 1167491?
4
What is the hundred thousands digit of 866789?
8
What is the thousands digit of 65029?
5
What is the ten millions digit of 17413821?
1
What is the thousands digit of 12677941?
7
What is the hundreds digit of 8452059?
0
What is the hundreds digit of 1781151?
1
What is the hundred thousands digit of 3669426?
6
What is the ten millions digit of 34639015?
3
What is the tens digit of 1628838?
3
What is the hundred thousands digit of 5937202?
9
What is the units digit of 37076?
6
What is the ten thousands digit of 2921055?
2
What is the units digit of 3193990?
0
What is the ten thousands digit of 378603?
7
What is the thousands digit of 363654?
3
What is the ten thousands digit of 304071?
0
What is the hundreds digit of 8578264?
2
What is the ten thousands digit of 3364138?
6
What is the thousands digit of 30465276?
5
What is the ten thousands digit of 5707579?
0
What is the thousands digit of 207892?
7
What is the tens digit of 577050?
5
What is the ten thousands digit of 24088744?
8
What is the millions digit of 12068400?
2
What is the hundreds digit of 306176?
1
What is the tens digit of 28519352?
5
What is the thousands digit of 60336?
0
What is the hundred thousands digit of 720867?
7
What is the millions digit of 1443578?
1
What is the tens digit of 9541666?
6
What is the units digit of 300083?
3
What is the tens digit of 106270?
7
What is the thousands digit of 273674?
3
What is the tens digit of 1086696?
9
What is the hundred thousands digit of 574511?
5
What is the tens digit of 2806666?
6
What is the ten thousands digit of 298206?
9
What is the thousands digit of 7804294?
4
What is the hundred thousands digit of 3311500?
3
What is the hundred thousands digit of 270085?
2
What is the thousands digit of 3660559?
0
What is the tens digit of 63355?
5
What is the millions digit of 1061945?
1
What is the ten thousands digit of 408673?
0
What is the ten thousands digit of 181574?
8
What is the thousands digit of 4024072?
4
What is the thousands digit of 863686?
3
What is the hundred thousands digit of 5285813?
2
What is the hundreds digit of 56598?
5
What is the ten thousands digit of 1463949?
6
What is the millions digit of 4338553?
4
What is the ten thousands digit of 12133254?
3
What is the thousands digit of 474622?
4
What is the tens digit of 31734736?
3
What is the thousands digit of 1966239?
6
What is the units digit of 822410?
0
What is the thousands digit of 7387?
7
What is the tens digit of 396066?
6
What is the hundreds digit of 36170?
1
What is the units digit of 6120326?
6
What is the hundred thousands digit of 108489?
1
What is the hundreds digit of 119283?
2
What is the ten thousands digit of 4157996?
5
What is the tens digit of 1379330?
3
What is the hundred thousands digit of 136278?
1
What is the millions digit of 1047883?
1
What is the ten thousands digit of 33947465?
4
What is the thousands digit of 5009091?
9
What is the thousands digit of 6772868?
2
What is the hundreds digit of 2971830?
8
What is the ten thousands digit of 3262798?
6
What is the thousands digit of 586374?
6
What is the units digit of 293933?
3
What is the ten millions digit of 27665988?
2
What is the hundred thousands digit of 112662?
1
What is the hundred thousands digit of 4916516?
9
What is the hundred thousands digit of 2732847?
7
What is the tens digit of 1144350?
5
What is the tens digit of 20880272?
7
What is the ten thousands digit of 44317?
4
What is the units digit of 9487?
7
What is the millions digit of 1292754?
1
What is the hundreds digit of 383995?
9
What is the ten thousands digit of 42790?
4
What is the hundred thousands digit of 18543791?
5
What is the ten thousands digit of 94363?
9
What is the thousands digit of 2336994?
6
What is the thousands digit of 26574?
6
What is the ten thousands digit of 509137?
0
What is the hundred thousands digit of 432381?
4
What is the ten thousands digit of 255089?
5
What is the ten thousands digit of 519282?
1
What is the hundred thousands digit of 407909?
4
What is the tens digit of 4165089?
8
What is the hundreds digit of 186540?
5
What is the tens digit of 2437644?
4
What is the thousands digit of 965986?
5
What is the units digit of 6018097?
7
What is the tens digit of 9159115?
1
What is the ten millions digit of 14344639?
1
What is the hundreds digit of 129128?
1
What is the tens digit of 5331105?
0
What is the hundreds digit of 303274?
2
What is the millions digit of 1136846?
1
What is the thousands digit of 52950?
2
What is the units digit of 3229338?
8
What is the hundreds digit of 4987640?
6
What is the units digit of 1027776?
6
What is the hundreds digit of 5406?
4
What is the ten thousands digit of 673848?
7
What is the hundreds digit of 5665426?
4
What is the hundreds digit of 240709?
7
What is the tens digit of 8389487?
8
What is the ten thousands digit of 5744467?
4
What is the ten thousands digit of 329684?
2
What is the hundreds digit of 901791?
7
What is the ten millions digit of 13223181?
1
What is the tens digit of 837954?
5
What is the hundreds digit of 1744679?
6
What is the units digit of 163279?
9
What is the thousands digit of 31060180?
0
What is the hundred thousands digit of 8766410?
7
What is the thousands digit of 766794?
6
What is the hundreds digit of 3000250?
2
What is the units digit of 221482?
2
What is the millions digit of 2753607?
2
What is the millions digit of 12948158?
2
What is the ten thousands digit of 257624?
5
What is the hundred thousands digit of 705938?
7
What is the tens digit of 15155688?
8
What is the hundred thousands digit of 7003542?
0
What is the tens digit of 299187?
8
What is the ten thousands digit of 268144?
6
What is the tens digit of 428758?
5
What is the ten thousands digit of 717412?
1
What is the ten thousands digit of 185516?
8
What is the hundreds digit of 24367?
3
What is the units digit of 13794252?
2
What is the tens digit of 582280?
8
What is the thousands digit of 2639012?
9
What is the hundreds digit of 199803?
8
What is the ten thousands digit of 35377525?
7
What is the thousands digit of 818449?
8
What is the tens digit of 221431?
3
What is the tens digit of 19825619?
1
What is the units digit of 310832?
2
What is the hundreds digit of 7998732?
7
What is the hundreds digit of 34066298?
2
What is the units digit of 4684043?
3
What is the tens digit of 93879?
7
What is the tens digit of 9234370?
7
What is the hundred thousands digit of 663813?
6
What is the ten thousands digit of 4498220?
9
What is the thousands digit of 2576868?
6
What is the units digit of 2017572?
2
What is the ten thousands digit of 233821?
3
What is the ten thousands digit of 900866?
0
What is the thousands digit of 2589579?
9
What is the hundred thousands digit of 466473?
4
What is the ten thousands digit of 1027452?
2
What is the thousands digit of 21201971?
1
What is the ten thousands digit of 330802?
3
What is the units digit of 1861863?
3
What is the thousands digit of 3811932?
1
What is the thousands digit of 49816?
9
What is the tens digit of 9470619?
1
What is the tens digit of 113639?
3
What is the hundred thousands digit of 2481146?
4
What is the hundreds digit of 309248?
2
What is the units digit of 53832?
2
What is the hundred thousands digit of 264375?
2
What is the thousands digit of 125939?
5
What is the hundreds digit of 496957?
9
What is the thousands digit of 327646?
7
What is the hundred thousands digit of 580555?
5
What is the hundreds digit of 246072?
0
What is the hundreds digit of 3402420?
4
What is the units digit of 19494017?
7
What is the hundred thousands digit of 188945?
1
What is the thousands digit of 151598?
1
What is the ten thousands digit of 7150617?
5
What is the hundred thousands digit of 1217704?
2
What is the hundred thousands digit of 1046580?
0
What is the thousands digit of 907687?
7
What is the hundreds digit of 6332049?
0
What is the thousands digit of 5676123?
6
What is 